factors of 137 - ((-3)/12)/(3/12).
2, 3, 23
Let i = 6 - 24. Let c = 6 - i. What are the prime factors of c?
2, 3
Suppose 2*a - 5*z - 22 = 157, -4*a + 4*z = -352. Suppose 3*n + n - 3*t = a, -t = 3*n - 49. List the prime factors of n.
2, 3
Let k = -118 - -223. List the prime factors of k.
3, 5, 7
Suppose 3*y - 12 = -0*m - 4*m, -22 = -2*y + 2*m. Let w be 30/8 - (-2)/y. Suppose -3*b - 9 = -w*b. List the prime factors of b.
3
Let f(i) = i**2 - 4 + i**2 - i**2 + 3*i. What are the prime factors of f(-5)?
2, 3
Let j = -2 + 7. Suppose c + 72 = 4*c. Suppose -3*r = -j*l + l - c, -4*l = 5*r - 40. What are the prime factors of r?
2
Let t(x) = x**2 + 2*x + 29. Let c be t(0). Let g = c + -20. List the prime factors of g.
3
Let o(i) be the third derivative of -i**5/60 + 7*i**4/24 + i**3 - 3*i**2. Let v be o(8). List the prime factors of (-1)/v - 22/(-4).
2, 3
What are the prime factors of 1707*8/72 - (-4)/(-6)?
3, 7
Let v be (-1 - -1) + 1 - -4. Let b(u) = -u**3 + 6*u**2 - 3*u + 5. List the prime factors of b(v).
3, 5
Let o(h) = h**3 - 10*h**2 + 2*h - 8. List the prime factors of o(10).
2, 3
Let z(r) = 4*r - 8. List the prime factors of z(6).
2
Let x = 177 - 75. List the prime factors of x.
2, 3, 17
Suppose 0 = 2*o - 6*o + 12. Let u = 11 - o. List the prime factors of u.
2
Suppose -f = -3 - 2. Suppose -f*i = -i - 12. Suppose i*x = -0*x + 21. List the prime factors of x.
7
Suppose 4*f = y + 16, -f - 1 = 3*y - 2*y. List the prime factors of f.
3
Suppose 3*z + 2*y - 12 = 0, -13 = -2*z - 2*y - y. Let x be (-18)/(-3) + (3 - 1). What are the prime factors of (-14)/(-8) + z/x?
2
Suppose 0 = -8*o + 9*o. List the prime factors of (1 + o)/((-3)/(-9)).
3
Suppose 146 + 24 = 5*t. List the prime factors of t.
2, 17
What are the prime factors of ((-132)/(-20))/((-1)/(-5))?
3, 11
List the prime factors of -4*(-3 - (-2 - -2)).
2, 3
Let k = 5 - -3. List the prime factors of -8*(3 - 68/k).
2, 11
Suppose 5*c + 10 = 5. List the prime factors of c + (-63)/(-6)*2.
2, 5
Let v = -2 + 5. List the prime factors of 150/8 + v/12.
19
Let f(g) = 2*g - 9. Let m(v) = -v - 3. Let i be m(-3). Suppose -4*k + 2*p + 12 + 4 = i, 2*k = -2*p + 20. What are the prime factors of f(k)?
3
Let l(o) = 5*o**2 + o + 4. Let x(i) = -4*i**2 - i - 5. Let j(f) = -3*l(f) - 4*x(f). What are the prime factors of j(0)?
2
Suppose -4*n + 363 = 3*f, 4*f - 9 - 11 = 0. List the prime factors of n.
3, 29
Suppose 4*m = -0*m + 12. Suppose -2*z + z = 2*u - 22, 0 = -4*u - m*z + 48. Suppose 2*p = -6, -s + 3*p - u + 32 = 0. What are the prime factors of s?
2, 7
Suppose -161 = -5*x + 4*s, 137 = 2*x + 2*x + 5*s. List the prime factors of x.
3, 11
Let s(h) = 7*h - 1. Let a be s(1). Let v(x) be the first derivative of x**3/3 - 2*x**2 - 4*x + 1. List the prime factors of v(a).
2
Suppose 0 = 3*p - 176 - 61. List the prime factors of p.
79
Let z = 195 + -89. What are the prime factors of z?
2, 53
Let q be (3 - 2 - 1)/(-2). Suppose 3*f - z - 5 = 0, -f + 7 = z - q*z. Suppose 2*d - 48 = -4*v, -d = 5*v + f*d - 60. List the prime factors of v.
2, 3
Let x = -3 + 7. Suppose 6*f = -x*m + 3*f - 74, 0 = 4*m - 2*f + 64. Let d = -5 - m. What are the prime factors of d?
2, 3
Let c = 4 - -16. Suppose -4*y - c = -3*g, -3*g = y - 2*y - 14. Suppose -i + 9 = -g. What are the prime factors of i?
13
Let o be (-12)/(-15)*(-10)/4. What are the prime factors of (-1705)/(-30) + o/(-12)?
3, 19
Let t(c) be the second derivative of -c**4/12 - 3*c**3/2 - 3*c**2 + c. Let v be t(-8). Suppose 0 = -v*x + 6 + 2. List the prime factors of x.
2
Suppose 4*i - 59 - 54 = 5*u, 5*u - 15 = 0. Suppose -i = -5*m + m. List the prime factors of m.
2
Let t = 9 - 13. Let m = -6 - t. List the prime factors of 2/(m - 0) - -3.
2
Suppose -p = 3*q - 114, 0 = 5*q + 3*p + 116 - 302. List the prime factors of q.
3, 13
Let v = -147 - -340. What are the prime factors of v?
193
Suppose -4*l - 2*t - 152 = 0, 2*l = -2*l - 5*t - 158. Suppose -3*o - 34 = 4*f + 16, 56 = -3*o + 2*f. Let m = o - l. List the prime factors of m.
19
Let n(a) be the first derivative of a**3/3 + 2*a**2 + 6*a + 1. Suppose 3*w + k + 27 = 4*k, 5*k - 25 = 0. List the prime factors of n(w).
2, 3
Let g(c) = 288*c**2 - 8*c - 9. What are the prime factors of g(-1)?
7, 41
Let i(a) = -3*a**2 - 17*a + a**2 + a**2 - 16 + 0*a**2. List the prime factors of i(-14).
2, 13
Let h = -5 + 7. Let j be 73 - (-3)/6*h. What are the prime factors of j/8 + (-4)/16?
3
Let m = -22 - -13. Let c be -1 + (2 - m/3). Suppose 5*o - 3 = c*q + 52, q - 22 = -2*o. List the prime factors of o.
11
Let a be (-3)/((-2)/(-152)*6). What are the prime factors of a*(-2 + 12/8)?
19
Let j(w) = w**2 - 3*w + 14. What are the prime factors of j(10)?
2, 3, 7
Let c = -9 - -14. Suppose -15 = -6*m + m + 5*n, c*m - 3*n - 23 = 0. What are the prime factors of m?
7
Suppose -9*x - 336 = -13*x. What are the prime factors of x?
2, 3, 7
What are the prime factors of (-4 + (-192)/4)*(-2)/4?
2, 13
Let x(k) = k**3 - 12*k**2 - k + 17. Let b be -1*(-2 - (3 + -2)). Let m be (-94)/(-8) + b/12. What are the prime factors of x(m)?
5
Let j be -3 + 3 - (-2 + 0). Suppose 0 = -5*o - 15, 4*h - 3*o = j*o + 63. List the prime factors of h.
2, 3
Let o = -8 + 11. Let t(h) = 4*h - 2. What are the prime factors of t(o)?
2, 5
Let i = -5 - -6. What are the prime factors of (8 + i)/(9/12)?
2, 3
Let n be (-33)/(-21) + 3/7. Suppose 0 = 5*k + 5, -4*c - n*k + 16 = -18. List the prime factors of c.
3
Let a(f) = -2*f**3 - 2*f**2 - 3*f - 4. What are the prime factors of a(-3)?
41
Let g = 4 - 2. Let v(q) = -6*q + 2. Let a be v(1). What are the prime factors of ((-17)/4 + g)*a?
3
Let p(b) = -b**2 + 1. Let v(x) = 2*x**2 - 5*x - 8. Let u(k) = -4*p(k) - v(k). What are the prime factors of u(-4)?
2
Let n(g) = -g**3 + 9*g**2 - 7*g - 14. Let w be n(7). Let r = -19 + w. List the prime factors of r.
2
Suppose 4*z - 9*z = -15. Suppose -4*r - t = -73, z*r = -3*t - t + 45. What are the prime factors of r?
19
Suppose 83 = k - x, 7*k = 3*k + 3*x + 333. List the prime factors of k.
2, 3, 7
Let j(z) = -z**3 + 6*z**2 - 7*z + 12. Let w be j(5). Suppose -4*q + 4*y + 164 = 0, 0 = -2*q - w*y + 22 + 64. What are the prime factors of q?
2, 3, 7
What are the prime factors of 1/((-1743)/(-435) - 4)?
5, 29
Let j be (-42)/(-9) - (-2)/6. Let h be 2/3*(2 - j). List the prime factors of 1/h + 30/4.
7
Let j(u) = -u + 10. Let r be j(7). Suppose -g - 16 = -5*g - 4*d, -g + r = 2*d. Let n = g - -6. List the prime factors of n.
11
Suppose 2*b - 4*b = -4*h - 30, 0 = 5*b - 2*h - 51. List the prime factors of b.
3
Let h be (-8 - 2)/(1/(-1)). Let v = h - 3. Suppose -3*i - 16 = -v*i. List the prime factors of i.
2
Suppose 0*c + 8 = 2*c. Suppose -9 = -3*y + 2*v, -5*y + 3*v + 15 = c*v. List the prime factors of y.
3
Suppose 5*g - 11 = 19. Suppose g*j - 38 = 4*j. List the prime factors of j.
19
Suppose -2*i = 2*i - 12. Suppose 2*q = -i*q - 20. Let u(g) = g**2 + 3*g + 1. What are the prime factors of u(q)?
5
Let z(l) = -2*l**3 - 5*l**2 - 7*l + 7. What are the prime factors of z(-5)?
167
Suppose -n + 9 + 0 = 0. What are the prime factors of n?
3
Let b(f) = -f**3 - 5*f**2 - f. Let o be b(-5). Suppose o*s = 3*s + 10. What are the prime factors of s?
5
Let i = 16 + -5. Let d = 0 + i. List the prime factors of d.
11
Let t(j) = -j. Let w be t(-5). Suppose 3*l - w*l + 8 = 0. Let y = -2 + l. List the prime factors of y.
2
Let w = 12 - 7. Suppose -w*a - j = -142, 3*a + 3*j = j + 81. What are the prime factors of a?
29
Suppose a + 17 = 4*d - d, 3*d - 15 = 0. Let g = 13 - a. List the prime factors of (-168)/(-10) + 3/g.
17
Let n be 3 + -1 + 1 + 24. Suppose m + 4*i - n = 4, -3*i + 72 = 4*m. What are the prime factors of m?
3, 5
Let h = -109 + 189. List the prime factors of h.
2, 5
Let b be 4/(-16) - (-13)/4. Suppose 5*q = b*q. Suppose 0 = t - q*t - 13. List the prime factors of t.
13
Suppose 0 = 3*g - 5*z - 4, 2*g - 3 - 8 = -5*z. Suppose -g*f + 15 = 3*b, -4*f = -2*f - b - 13. List the prime factors of f.
2, 3
Let o(p) = 2*p**2 - 3. Let f be o(-2). Suppose 0 + 2 = 2*z, -q + 4 = -f*z. What are the prime factors of q?
3
Let y(s) = -5*s + 36. List the prime factors of y(-7).
71
Let s = 2217 + -1521. List the prime factors of s/27 - 2/(-9).
2, 13
Let k(z) be the second derivative of z**5/20 - 11*z**4/12 + z**3/6 + 2*z**2 - 7*z. List the prime factors of k(11).
3, 5
Su